 the highest common factor of a and 17.
17
Let b = -210 - -938. What is the highest common divisor of 56 and b?
56
Let j be 192/20 - (-2)/5. Let a be 398/8 - (-1)/4. What is the greatest common factor of j and a?
10
Let i(v) = -44*v - 44. Let q be i(-6). Calculate the highest common factor of q and 40.
20
Suppose -3*u + u = 5*c - 147, 0 = -5*c - 25. Let h = u - 61. Suppose 4*m - 884 = 4*o, -m + 4*o - 241 = -2*m. Calculate the greatest common divisor of h and m.
25
Let c(r) = r**2 - 13*r + 15. Let z be c(-11). Suppose 2*q = -5*j + 23 + 124, 0 = -j + 5*q + 51. Calculate the highest common divisor of j and z.
31
Let d(r) = -r**3 + 5*r**2 + r + 5. Let h be (-3 - 64/(-24))/(2/(-24)). Let b be d(h). What is the greatest common divisor of b and 50?
25
Suppose 3*y - y + 5*b - 36 = 0, -y - 5*b + 8 = 0. Calculate the greatest common factor of 20 and y.
4
Let o be ((-6)/(-18)*-1)/((-2)/12). Suppose -o*k + 26 = 3*t, -5*k - 2 = -t + 18. Calculate the greatest common divisor of 5 and t.
5
Let l = -697 - -3921. Calculate the greatest common factor of l and 104.
104
Let i be 22/6*(4 + -1). Suppose 4*u + 654 = 10*u. Suppose 12*z = -u + 1561. Calculate the highest common factor of i and z.
11
Let t(l) = l**2 + 5*l + 3. Let q be (-16)/3 - (-6)/18. Let a be t(q). Suppose -a*z + 233 = -295. What is the highest common divisor of z and 16?
16
Let m = -26 + 29. Suppose 2*o = -i, i + m*o + 2 = -0*i. Let l(v) = v**3 - 4*v**2 + 4*v + 2. Let j be l(i). What is the greatest common divisor of j and 27?
9
Let o(w) = -2*w + 4. Let d be o(1). Suppose 0 = -3*x - 3*b + 15, -4*b + 5 - 9 = -d*x. What is the greatest common factor of x and 8?
4
Suppose 68 = -5*c + 6*c - 2*z, -4*z - 8 = 0. Let w be 1 - (-1)/((-4)/(-388)). Let a = w - 90. Calculate the highest common factor of a and c.
8
Let q(b) = 12*b + 209. Let o be q(18). Calculate the highest common divisor of o and 17.
17
Let u(t) = 41*t**2 - 42*t + 229. Let f be u(7). Calculate the highest common divisor of 81 and f.
81
Let y = 12 + 5. Suppose 4*w + 4*u - 548 = 0, -4*w + 540 = 3*u - 7*u. Let h be 0/(0 + -2) + w. What is the highest common divisor of y and h?
17
Suppose 48*a + 15*a = -104*a + 17034. Let y = -20 - -88. What is the greatest common factor of y and a?
34
Let w be ((-4)/(-22) - (-408)/(-66)) + 0. Let h = 106 + w. Calculate the highest common divisor of h and 40.
20
Let s = -1613 + 2861. What is the greatest common divisor of 78 and s?
78
Let q(n) = 25*n**3 + 2*n**2 - 5*n + 6. Let k be q(2). What is the greatest common divisor of k and 255?
51
Suppose 4*r = -5*l + 109, 5*l + 3*r - 82 = 26. Let w be l/7 + 1 + (196 - 2). What is the greatest common factor of w and 11?
11
Let i = 116 + 46. What is the highest common divisor of 72 and i?
18
Let h be 4*(2 + -3)*(-39)/52. Suppose h*m = -3*p - 0*m + 315, -2*m = 0. Calculate the highest common divisor of 70 and p.
35
Suppose 2*n - 152 = -2*n. Let w = -18 + n. Suppose -23 - 25 = -6*z. What is the greatest common divisor of w and z?
4
Suppose 2*y - 603 = -f, -2*y = -y + 4*f - 284. Let g = -104 + y. Let m = -200 - -225. What is the highest common factor of m and g?
25
Let q = -26 + 119. Let c = q - 13. Let l be 31/2 - (-2)/4. What is the greatest common divisor of c and l?
16
Let x be -4*1/(-10) + 556/10. Calculate the greatest common factor of 266 and x.
14
Let l(a) = -10*a + 60. Let i be l(3). Calculate the highest common divisor of i and 480.
30
Let u(w) = w**2 + 8*w + 8. Let r be u(-9). Suppose -3*b + 0*n + 3*n = -261, -2*b + n = -172. What is the highest common factor of b and r?
17
Suppose 2*g = -0*s - 3*s + 88, -3*g + 132 = -3*s. Suppose -3*v + g = v. Calculate the highest common factor of v and 88.
11
Let y(s) = s**2 + 2*s - 3. Let a be y(5). What is the greatest common factor of 144 and a?
16
Let u be 28/(-1)*(-4 - -3). Calculate the highest common factor of u and 42.
14
Let i(y) = 3*y**2 + 8*y. Let q be i(-4). Calculate the greatest common factor of q and 12.
4
Suppose g - 144 = -0*g. Suppose b = -7*f + 3*f + g, 0 = b. Calculate the highest common divisor of 27 and f.
9
Suppose 5*i - 19 = -3*x, -i + 17 = -3*x + 6. Suppose -i*f - 5*t = 0, 0 = -2*f - t + 6*t + 7. What is the greatest common factor of 11 and f?
1
Suppose 7*i - 9*i + 74 = 0. Suppose 23 = -4*t - i. Let w = t - -20. Calculate the greatest common divisor of w and 5.
5
Suppose 10*w + 2*w - 432 = 0. What is the highest common factor of 2916 and w?
36
Let n be 464 + -1 - (-2 + (0 - -9)). Calculate the highest common factor of n and 18.
6
Let j be (-12)/(-4) - (1 - 0). Suppose -4*m + 6 = -j. Suppose m*n = 4*h - 360, 96 = 2*h - h - 2*n. Calculate the highest common divisor of 8 and h.
8
Let c(r) = 6*r**2 + 21*r + 26. Let l(o) = o**2 + 4*o + 5. Let y(p) = 2*c(p) - 11*l(p). Let k be y(-6). Calculate the highest common factor of k and 180.
45
Suppose -4*z + 0*u + 27 = -3*u, -z - 2 = u. Suppose 15 = 3*s - z. Let v = 201 + -192. What is the highest common divisor of v and s?
3
Let h(g) = 48*g**2 + 9*g - 57. Let k be h(4). What is the highest common factor of k and 9?
9
Suppose 2*b - 5*g - 50 = -3*b, 4*g + 26 = 3*b. Let m = 218 - 84. Let q = -78 + m. Calculate the greatest common divisor of q and b.
14
Let w be (-6 + 3)*(-34)/6. Let g = w + -14. Calculate the highest common divisor of g and 3.
3
Let a(g) = -g - 4. Let r be a(-10). Calculate the highest common factor of 4 and r.
2
Let m = 302 + -192. What is the greatest common divisor of m and 66?
22
Suppose -8*u + 338 + 526 = 0. Calculate the greatest common factor of u and 108.
108
Let j be 1/(-3)*-3*4. Suppose j = 3*h + 1. Calculate the greatest common divisor of 11 and h.
1
Suppose 55*m - 12123 - 4652 = 0. Calculate the greatest common factor of 122 and m.
61
Suppose 32 = 9*r - 5*r. Let c = r + 102. What is the highest common divisor of c and 10?
10
Let u = 495 - 450. What is the highest common factor of u and 210?
15
Let n = -8178 + 8191. Suppose -2*a - a + 3*x = -1047, -a = 4*x - 359. What is the highest common divisor of n and a?
13
Let l(f) = -f + 170. Let p be l(-44). What is the highest common divisor of p and 1605?
107
Let j = -717 + 741. Suppose -3*c + 0*c - 27 = -r, 4*c = -16. Let s = j - r. What is the greatest common divisor of s and 9?
9
Let y(w) = -w**2 + 25*w - 31. Let n be y(10). Calculate the highest common factor of n and 357.
119
Let b(x) be the third derivative of x**6/120 - x**5/10 + x**4/12 - x**3/6 - 51*x**2. Let f be b(6). What is the highest common factor of 1 and f?
1
Suppose 0 = u - 3*g - 16, 2*u - u + 3*g + 2 = 0. What is the highest common factor of u and 3?
1
Let a = 5 + 2. Suppose -15*r = -361 - 164. What is the greatest common factor of a and r?
7
Suppose -3*x + 3*y + 455 = 2*x, 2*y = -x + 78. What is the highest common divisor of x and 24?
8
Let s(o) = o**2 - 5*o + 1. Let a be s(7). Let i be (25 + -6)/(3/(a*1)). What is the greatest common factor of 38 and i?
19
Suppose 0*q - 5*z - 278 = 3*q, 4*z - 87 = q. Let v = 161 + q. What is the highest common factor of 14 and v?
14
Let t be ((-176)/3)/((84/(-18))/7). What is the greatest common factor of 66 and t?
22
Suppose 3*j - 183 = -2*q - 2*q, 3*j + 3*q - 186 = 0. Calculate the highest common divisor of j and 299.
13
Let b(i) = i**3 - 11*i**2 + 2*i + 1. Let y be b(11). Suppose 3*w - y = 406. What is the highest common divisor of 13 and w?
13
Suppose -4*p - 2*q + 44 = 2*q, -3*p + 30 = 4*q. Let y = 19 - 5. Calculate the greatest common divisor of y and p.
14
Let i = 921 - 734. Calculate the highest common divisor of 51 and i.
17
Let o = 29 + -14. Suppose -3*j - l = 31, 2*l = o - 5. Let x be 10 + j + (1 - -20). Calculate the highest common divisor of x and 19.
19
Let y be (1848/102 - -2) + 2/(-17). What is the highest common divisor of y and 170?
10
Let y = 67 - 37. What is the greatest common factor of 10 and y?
10
Suppose -b + 3*o - 8*o + 50 = 0, -b + 54 = 3*o. Suppose 358*c + 2*y + 36 = 361*c, 0 = y. Calculate the highest common factor of c and b.
12
Suppose 0 = 24*f + 1475 - 3875. Calculate the greatest common divisor of f and 40.
20
Suppose -b + 4*g - 43 = -6*b, 5*g + 15 = 0. Suppose -7*s - 3*s + 1100 = 0. What is the highest common factor of b and s?
11
Let g be (10 + 2)*9/(-27). Suppose -3*w = 2*t - 254, 5*t = -4*w + 262 + 65. Let x be (w/6)/(g/(-6)). Calculate the highest commo